9). Let k = r - -103. Let a = 1012 + -990. What is the highest common factor of k and a?
11
Suppose -x + 8 = 3*x. Suppose 32 = 2*u + 2*w, -x*u = -0*u - 2*w - 12. Let a = u + 39. What is the highest common factor of a and 10?
10
Suppose 5*g + 120 = 13*g. Calculate the highest common factor of g and 85.
5
Let u(b) = b**3 + 15*b**2 + 23*b + 18. Let g be u(-13). Calculate the highest common divisor of 6 and g.
3
Let j(w) be the first derivative of 11*w**2 - 4*w + 12. Let v be j(2). What is the highest common divisor of v and 8?
8
Let p = 1268 + -728. What is the highest common divisor of p and 24?
12
Let u = -17 + 17. Suppose u*x = 5*x. Suppose 2*i - a = -x*a + 549, -2*i + 4*a = -546. Calculate the greatest common factor of i and 25.
25
Let p(r) = 12 + 11*r - 55 + 0*r + 28. Let v be p(9). What is the greatest common divisor of v and 12?
12
Suppose 5*r - r = -60. Let x be 167/6 - r/90. Suppose 3*u = 500 + x. What is the greatest common divisor of u and 22?
22
Let b(t) = -5*t**2 + t + 1. Let f be b(-1). Let p(w) = -24*w - 3. Let y be p(f). Calculate the highest common divisor of y and 13.
13
Let a(f) = -f**2 + 9*f + 2. Let y be a(8). Suppose 0 = -5*t + 10, -y = -l - 2*t + t. Calculate the greatest common divisor of 64 and l.
8
Let b = 1165 + -607. Let n be 26/104 - b/(-8). Calculate the highest common divisor of n and 105.
35
Suppose -14*j + 99 + 41 = 0. Calculate the highest common factor of j and 35.
5
Suppose 7*v - 6*v - 2 = 0. Let d be (-3)/v*(20 - 6). Let t be (9/5)/(d/(-70)). What is the highest common divisor of 6 and t?
6
Let r = -72 + 74. Suppose 3*m - 5*w = 265, -r*w - 2*w = 2*m - 184. What is the greatest common factor of m and 18?
18
Let l = -2 + -1. Let c(j) = j**2 + 2*j. Let h be c(l). Suppose 2*t - 5*b = 70, h*t - 110 - 41 = -4*b. What is the greatest common factor of 18 and t?
9
Suppose -80*a + 78*a = -14. Suppose -8*d + a = -9. Calculate the highest common divisor of d and 14.
2
Let a(b) = 6*b**2 - 17*b + 17. Let h be a(3). What is the highest common factor of h and 12?
4
Suppose 10*m - 4*m = 3684. Suppose d = 6*d - 3*r - m, 0 = -4*d - 2*r + 478. Calculate the greatest common divisor of d and 11.
11
Let p = 154 - 92. Let q = -53 + p. What is the highest common factor of 1 and q?
1
Let j(x) = -x. Let h(g) = -4. Let n(r) = h(r) + 6*j(r). Let t be n(-4). Suppose 4*z = 2*z - f + 21, -5 = -5*f. What is the highest common factor of z and t?
10
Suppose -v + 1784 = 3*v - 5*t, -4*t = -5*v + 2239. What is the greatest common divisor of 41 and v?
41
Let b(w) = 213*w**2 + 14*w + 24. Let p be b(-2). Calculate the highest common divisor of p and 265.
53
Suppose 13416 = 11*x + 15*x. Calculate the greatest common factor of x and 12.
12
Let n = 47 + -30. Calculate the highest common divisor of n and 51.
17
Let l(c) = c**3 - 24*c**2 + 22*c + 44. Let m be l(23). Calculate the greatest common divisor of m and 2.
1
Let m be (-6)/(-4)*10/15. Let n(d) = d**3 - 4*d**2 - 5*d + 3. Let v be n(5). Suppose 2*w + 11 = v*w. What is the highest common divisor of m and w?
1
Let d(a) = -14*a - 782. Let k be d(-58). Calculate the greatest common divisor of k and 240.
30
Suppose -11*f + 654 = 159. Calculate the highest common factor of f and 25.
5
Let n be (-12)/(((-27)/2)/9). Let v be (75/(-6))/((-4)/n). What is the highest common divisor of v and 200?
25
Let l = -10 - -15. Let a be l/((-45)/(-24))*3. What is the highest common divisor of a and 16?
8
Suppose 3*q + 5 = 2*v - 29, 0 = -2*v - q + 42. Calculate the greatest common divisor of v and 100.
20
Let s be ((-26)/91 + (-1)/21)*-6. Let d = s - -16. Let n be 15*-1*(-18)/15. Calculate the greatest common factor of n and d.
18
Let y = -301 - -305. Calculate the highest common divisor of 14 and y.
2
Let m = 126 - 64. Let t = 70 - m. What is the greatest common divisor of 16 and t?
8
Let q = -1144 - -1163. What is the greatest common factor of 1691 and q?
19
Let j be ((-2)/(-4))/(2/8). Let c be (2 + 9/(-6))*0. Suppose -o + j*o - 1 = c. What is the greatest common factor of 9 and o?
1
Let k(h) = -5*h + 37. Let d be k(8). Let s be d + 17/6 + 842/12. Calculate the highest common factor of s and 10.
10
Suppose 25*t = 26*t + 4*n - 177, 4*t + 4*n - 672 = 0. What is the greatest common divisor of 132 and t?
33
Suppose 2*j - 3*j + 4*q + 30 = 0, 4*q - 22 = -j. Suppose 3*d - j = d. Calculate the greatest common divisor of 117 and d.
13
Let i be (6 - 9) + (-3 - -10). Let x = 8 - i. What is the highest common factor of 12 and x?
4
Let y = 378 + -346. Calculate the highest common divisor of 2 and y.
2
Let k = -122 - -129. Suppose -k*q + 6*q = -266. What is the greatest common factor of 14 and q?
14
Suppose 3*p - 7 + 42 = 4*q, -3*q = 2*p - 22. Let y = 18 - q. Let s be 796/y + (-8)/(-20). Calculate the highest common factor of 10 and s.
10
Let d(a) = a - 11. Let t be d(10). Let o be 218 + (3 + t)*1. Calculate the greatest common factor of 20 and o.
20
Let l(w) = -w**3 - 25*w**2 - 44*w + 48. Let i be l(-23). Calculate the greatest common factor of 4 and i.
2
Suppose -1016*w = -1024*w + 16. Calculate the highest common divisor of w and 166.
2
Let y be 4 + (-3 + 0 - -25). Suppose -s + 19 + y = 0. Suppose 2*b + 4*z - s = -11, -4*z = 4*b - 52. What is the greatest common divisor of b and 99?
9
Let n = 21 + 15. Let v be (130/7 - 39/(-91)) + (3 - -2). What is the greatest common factor of v and n?
12
Let w be (-1 + 0/3)/(3/93). Let o = w + 231. Calculate the greatest common factor of 25 and o.
25
Let s = 74 + 36. Let h = 17 - 7. What is the greatest common divisor of h and s?
10
Let z(w) = w**3 + 5*w**2 - 5*w + 5. Let b be z(3). What is the highest common divisor of 1054 and b?
62
Let x be 2*(1 - (-2 - -2)). Let t = -99 + 103. Suppose 0 = -2*l - t, -3*l + 2 = 2*i + 2*l. Calculate the greatest common factor of i and x.
2
Let y(j) be the second derivative of -3*j**2 + 0 - j + 5/3*j**3. Let p be y(3). Calculate the greatest common factor of 36 and p.
12
Suppose 159*u - 168*u = -1647. Calculate the highest common divisor of u and 793.
61
Let o be 3*(-3)/(-9) - (-1 + -97). Let c = -16 - -59. Suppose -2 = -5*k + c. Calculate the highest common factor of o and k.
9
Let t = 1 + 2. Suppose t*r + 977 = -4*k, 0*k + r = -4*k - 979. Let x = -141 - k. What is the greatest common factor of x and 13?
13
Suppose 0 = 45*u - 51*u + 36. Let w be ((-9)/u)/(12/(-208)). What is the greatest common divisor of w and 234?
26
Suppose 0*n = -3*n + 9. Suppose 0*v = -n*v + 546. Calculate the highest common divisor of v and 14.
14
Let f = -661 - -726. What is the greatest common divisor of f and 767?
13
Let r be 487 + (-6)/(-9)*27/6. What is the greatest common factor of 70 and r?
70
Let i be (-3)/2 + 7 + (-3534)/(-12). Calculate the greatest common divisor of i and 12.
12
Suppose 20 = 3*r - 3*u - 79, -3*r - u + 95 = 0. What is the highest common divisor of 160 and r?
32
Suppose 0 = 12*u - 7*u - 205. Let a = -38 - u. Let v = a - -149. Calculate the highest common divisor of v and 10.
10
Let s(d) = -d + 5. Let n be s(3). Suppose 0 = -n*w + 6, -4*o - 2*w - 243 = w. Let z be (32/(-6))/(7/o). What is the greatest common factor of z and 16?
16
Let x be 4/28 - (-13)/7. Suppose 3*t + 5*v = 612, x*t - 5*v - 349 = 84. Calculate the highest common divisor of 19 and t.
19
Suppose -3*l = -24 + 12. Let s be (-2)/(-8) - (-75)/l. Let k be (1 + 20 + -2)*2. What is the highest common divisor of s and k?
19
Let k be (2/(-3))/(30/(-31005)). What is the greatest common factor of k and 53?
53
Suppose 30 = -0*z + z. Let q = 33 + 43. Let l = q + -70. What is the highest common divisor of z and l?
6
Suppose 96 = 5*v - v. Suppose -5*w = g - 44, -585*g = 5*w - 587*g - 32. Calculate the highest common divisor of w and v.
8
Suppose 565 = 5*c + n, -4*n = -3*c - 21 + 337. What is the greatest common factor of 64 and c?
16
Suppose 0*k + 3*k = 4*w + 2910, -5*w - 4845 = -5*k. What is the highest common factor of k and 28?
14
Let t be (-34110)/(-225) + 2/5. What is the greatest common divisor of t and 38?
38
Let t(z) = -3*z + 7. Let b be t(-7). Let l = -10 + 20. Suppose 2*d - 5*k - 18 = 0, -2*d + 4*d - l = k. What is the greatest common divisor of d and b?
4
Let l be 15/(-45) + (-13)/(-3). Suppose 0 = -5*k - 15, -l*g + k + k = -50. What is the highest common divisor of g and 44?
11
Suppose 0 = -7*g +